-16)/(-4).
3
Suppose -2*m = -0*m + 3*o + 7, 0 = -2*m - 5*o - 13. Let g(t) = 29*t. Let x(l) = 3. Let u(v) = g(v) + x(v). List the prime factors of u(m).
2
Let k(f) = -f + 2. Suppose 0 = l - 3*l + 54. Let j = 23 - l. What are the prime factors of k(j)?
2, 3
Suppose -47 = -4*x + 53. Let s be x/3 + (-4)/(-6). Suppose -s - 1 = -5*v. List the prime factors of v.
2
Suppose -538 = -5*v - 103. What are the prime factors of v?
3, 29
Suppose -5*o + 10*o = 1470. List the prime factors of o.
2, 3, 7
Let q = -2021 - -6317. What are the prime factors of q?
2, 3, 179
Suppose 1 = f + 3*m, -m - 21 = -5*f - 0*m. Let x = f + 1. List the prime factors of 36/15*x/2.
2, 3
Let y = 16 + -46. Let u be (-9)/(-2)*(-20)/y. List the prime factors of 51/1 - (-1 - u).
5, 11
Suppose 3*d - 473 = 199. What are the prime factors of d?
2, 7
Suppose -7*s = -6*s - 139. Let m = 9 + s. List the prime factors of m.
2, 37
Let f be (7 + -6)*186/2. Suppose -3*o - 5*n = -f, -5*o - 4*n + 157 = -11. Suppose -3*s + o + 39 = 0. What are the prime factors of s?
5
Suppose 66*j - 20187 - 62115 = 0. List the prime factors of j.
29, 43
Suppose -6*o + 460 = -o. Suppose -5*w = -9*w + o. What are the prime factors of w?
23
Suppose 2*l + 11*l - 533 = 0. What are the prime factors of l?
41
Suppose 0 = k + j - 4541, 5*k - 30*j + 34*j - 22708 = 0. List the prime factors of k.
2, 71
Suppose -4 - 21 = h. Suppose 4*i - y + 139 = -2*y, 5*i = -3*y - 165. Let o = h - i. What are the prime factors of o?
11
Let p(w) = -7*w - 16. Let y be p(-4). Suppose -4*u + 31 + 39 = 3*s, 8 = -4*s. Suppose -y = g - u. List the prime factors of g.
7
Let k be 54/(-21)*(2/(-3) + -4). Let v(o) = o**3 - 13*o**2 + 14*o - 9. What are the prime factors of v(k)?
3, 5
Let p = 1181 + 255. List the prime factors of p.
2, 359
Let q(t) = -t**3 - 2*t**2 - 6*t + 319. List the prime factors of q(0).
11, 29
Let n(f) = 2*f**2 - 6*f + 6. Let v be n(3). List the prime factors of ((-15)/v)/(6/(-204)).
5, 17
Let y(z) = z**3 + 8*z**2 + 4*z + 1. Suppose -f + 8 = -2*f + 3*q, 4*f = 2*q + 8. Let w be (-31 - -3)/f*1. List the prime factors of y(w).
2, 11
Let b = -338 + 1255. What are the prime factors of b?
7, 131
List the prime factors of (11 - (-14030)/(-6))/((-4)/6).
3491
Let f(h) = -h**2 + 6*h - 7. Let r be f(3). Suppose 2*l - 286 = y, -2*y - y - 290 = -r*l. List the prime factors of l.
2, 71
Suppose 4*h + 4*f - 32 = -0*h, 0 = 4*f. Suppose -h*p + 68 = -396. List the prime factors of p.
2, 29
Let g(k) = k**2 - 4*k - 49. List the prime factors of g(-10).
7, 13
Suppose -9086 = -14*g - 0*g. List the prime factors of g.
11, 59
Let f(p) be the first derivative of -p**2/2 - p + 7. Suppose -6*z = -2*z + 16. What are the prime factors of f(z)?
3
Let r(x) be the second derivative of 17*x**5/20 + x**2/2 - 5*x. Let n be r(1). What are the prime factors of ((-14)/(-6))/(2/n)?
3, 7
Suppose -5*l = -f - 280, 3*l + f - 191 = -3*f. Let a = 12 + l. What are the prime factors of a?
3, 23
Let q be 7/((-147)/(-69)) - (-2)/(-7). Suppose -2*j - 3*k = -28, q*j - 2*j = -2*k + 14. What are the prime factors of j?
2, 7
Suppose 2*i + 8 = 2*r - 2, 9 = r - 5*i. Suppose -123 = -r*z + 149. List the prime factors of z.
2, 17
Let t(f) = 8*f**2 + 42*f + 8. List the prime factors of t(-13).
2, 11, 37
Suppose 2090 = 5*i + 5*g, -4*i - 2*g - 3*g = -1667. What are the prime factors of i?
3, 47
Let i be 0 - (-1*9)/3. Suppose i*r + 7 = -20. What are the prime factors of (-24)/r*18/3?
2
Suppose 5*q + 0*q = 5*t - 1205, -5*q = 10. Suppose -3*j + 203 = -4*z, 3*j - z + 6*z - t = 0. List the prime factors of j.
73
Let z(c) = 4*c + 1. Let a(v) = -v. Let s(j) = 9*a(j) + 2*z(j). Let p be s(-2). Suppose 80 = p*m - 16. What are the prime factors of m?
2, 3
Let l be (-4)/(-10) + 6770/(-50). Let s = 340 + l. What are the prime factors of s?
5, 41
Suppose -3*l = 5*l - 128. Let q(d) = d**2 - 11*d - 3. List the prime factors of q(l).
7, 11
What are the prime factors of (218 - 226) + (0 - -1368)?
2, 5, 17
Suppose y - 392 = -5*x, 0 = -2*y - x - 200 + 1029. Suppose -7*j + 206 = -y. What are the prime factors of j?
89
Suppose -t + 2*a = -2061, -2066 = -25*t + 24*t - 3*a. What are the prime factors of t?
2063
Suppose 4*x - 2*x = 6. Suppose -b = -x*h - 324, 2*b + 4*h = h + 657. What are the prime factors of b?
3, 109
Let k(d) = -2*d + 24. Let g = 38 + -27. Let l be k(g). Let m(z) = 8*z**3 + z**2 + 5*z - 5. List the prime factors of m(l).
73
Let b(g) = -24*g - 4 + 1 - g**2 - 2. List the prime factors of b(-20).
3, 5
Let n(p) be the second derivative of 2*p**3/3 + 25*p**2/2 + 10*p - 1. What are the prime factors of n(8)?
3, 19
Let w be -8*((-4)/(-112) - 4/14). Let j(p) = 3*p**3 + p**2 - p - 2. List the prime factors of j(w).
2, 3
Let r be 12/(-4) + (4 - -3)*29. Let k = -56 + r. List the prime factors of k.
2, 3
Let c(y) = 2*y**3 - 4*y**2 + 6*y - 1. Let z be c(4). Let u = -50 + z. List the prime factors of u.
37
Suppose 28*z + 647 = 29*z. What are the prime factors of z?
647
Let v be (-10)/(-5) + 0 + -1. List the prime factors of 11 + (-5 + 0)*v.
2, 3
Suppose 3 = -r + 7. Let p(q) = -5 + 22*q - 23*q + 7*q. List the prime factors of p(r).
19
Let m be (4 - 2) + (-2 + 3 - -398). Let y = m + -249. List the prime factors of y.
2, 19
Let n(c) = 7*c**2 - 145*c - 5. What are the prime factors of n(24)?
547
Let y = -700 + 1325. What are the prime factors of y?
5
Suppose -4*q - 14 = 2*w, 5*q - 2*w = -2 - 2. What are the prime factors of (-8 + 132)*q/(-4)?
2, 31
Let q be 1/(-2)*(-79 + 27). Suppose 5*a = q*a - 4704. What are the prime factors of a?
2, 7
Suppose -11*o - 3228 = -14393. List the prime factors of o.
5, 7, 29
Suppose v - 4*u - 369 = 0, v - 196 - 191 = -5*u. Suppose -3*z = 3, 5*b - z - v = -4*z. What are the prime factors of b?
2, 19
Let h(v) = 5*v**3 + v - 6. Suppose -12*b - 1 = -25. What are the prime factors of h(b)?
2, 3
Let h = 162 + -237. Let f(u) = -u**3 - 6*u**2 + 10*u + 8. Let m be f(-6). Let t = m - h. What are the prime factors of t?
23
Suppose 4*p - 20 = 0, 0 = 2*a - 2*p - 700 + 108. What are the prime factors of a?
7, 43
Let i be 3/((-6)/(-41))*-2. Let r be (i/2)/(5/10). Let w = 99 + r. What are the prime factors of w?
2, 29
Suppose 5*r + 0*o + 3 = -o, -3*r + 5*o = -15. Suppose r = -2*m + m + 3. What are the prime factors of (-1)/m*(-2 + -13)?
5
Let q = 4144 + -2383. List the prime factors of q.
3, 587
Let u(b) be the second derivative of b**4/4 - 19*b**3/6 - 2*b**2 + 11*b. What are the prime factors of u(8)?
2, 3
Let b(u) = 3*u**3 - 3*u**2 + 3*u - 2. Suppose -13*i = -8*i - 20. What are the prime factors of b(i)?
2, 7, 11
Suppose -5 = -4*r + 19. Suppose 3*g - r = 3. Suppose k - g*k - 8 = 0, -u - 2*k = 5. List the prime factors of u.
3
Let v(m) = -2*m + 10. Let w be v(5). Let a(b) = 2*b**2 - 2*b + 95. What are the prime factors of a(w)?
5, 19
Let a(n) = 3*n**3 + 2*n**2 - 8*n + 9. List the prime factors of a(5).
2, 197
Let o(b) = -2*b - 13. Let x be o(-12). Let v(w) = 6*w + 24*w + 2 - 4 + x*w. What are the prime factors of v(1)?
3, 13
Let m = -7 + 9. Suppose j - 6 = -m*j. Suppose 8*h = 3*h - 10, 3*y - 97 = j*h. List the prime factors of y.
31
Let d(o) = -2*o**3 + 40*o**2 - 5*o + 41. What are the prime factors of d(19)?
2, 167
Let c be (4/8*6)/((-6)/4). Suppose 5*d + 12 - 107 = 0. Let x = d + c. List the prime factors of x.
17
Suppose -4*l = -8361 + 1077. List the prime factors of l.
3, 607
Let h(g) = -g**3 - g**2 + g + 19. Let x = -12 + 12. Suppose -3*w + x*w = 0. List the prime factors of h(w).
19
Let u = -13 - -16. Suppose u*i - 4*f = 5, -i - f = -2*i + 2. Let v = i + 10. What are the prime factors of v?
13
Suppose -m - 180 = -k + 3*m, k + 5*m = 189. Suppose 3*n - k = 308. List the prime factors of n.
2, 41
Let c(l) = -l**3 - 30*l**2 - 53*l + 76. List the prime factors of c(-32).
2, 5, 191
Suppose y = -5*p + 19079, -21*p + y = -17*p - 15256. List the prime factors of p.
5, 7, 109
List the prime factors of (-3)/1*(16 + -89).
3, 73
Let s(n) = -3*n**3 + n. Let o be s(-1). Suppose 5*m = -2*y + 162, -o*m - 5*y + 0*y + 69 = 0. Let x = 55 - m. List the prime factors of x.
23
Let w(h) be the first derivative of h**4/4 + 10*h**3/3 - 3*h**2/2 - 7*h + 5. Let j be w(-7). Suppose 3*c - j = -23. What are the prime factors of c?
2, 23
Suppose -9*p + 12*p - 2343 = 0. List the prime factors of p.
11, 71
Suppose -52 + 7